sor of i and 720.
45
Suppose -u = 13*t - 11*t - 206, 998 = 5*u + 2*t. Calculate the highest common divisor of 198 and u.
198
Let v(x) = 21*x**2 + 24. Let p be v(5). Let g = p + -276. Calculate the greatest common factor of 13 and g.
13
Suppose -2*v + 44 = t, -5*v + 0*v = -3*t + 88. Suppose 15*k = 17*k - t. Let h be (1/(-4) - -1)/(k/1008). Calculate the greatest common divisor of 14 and h.
14
Let d(z) = 8*z**3 + 4*z**2 + 4*z - 10. Let t be d(3). Suppose -7*g + 82 = -t. Calculate the highest common divisor of 24 and g.
24
Let y = -76 + 78. Suppose 0 = 3*i - 4*u - 158, -2*i + y*u + 54 = -i. Let z = i + -6. Calculate the highest common divisor of 4 and z.
4
Let q = -9112 + 10020. Calculate the greatest common divisor of q and 12.
4
Suppose -136 = -26*d + 10*d - 18*d. What is the greatest common factor of 289 and d?
1
Suppose 46*g - 41*g = 235. Suppose -6*h = 5 - g. Let p(o) = o + 3. Let x be p(h). What is the highest common divisor of 15 and x?
5
Let r(m) = 89*m**2 + 2*m - 23. Let s be r(-4). Calculate the greatest common factor of 995 and s.
199
Suppose 5*q = 55*s - 53*s - 590, -3*q = 2*s - 542. What is the greatest common factor of 1008 and s?
56
Let r be 1236/28 - (-3)/(-21). Suppose 0 = o + 5, -5*v + 5*o = -90 - 1255. Suppose v = 5*d - 2*d. Calculate the highest common factor of r and d.
44
Suppose -s + 5*s + 2*v = -184, s - 3*v = -46. Let d = s + 61. Suppose -43 - d = -2*x. Calculate the highest common divisor of 29 and x.
29
Suppose 241*a - 14282 = 48*a. What is the greatest common divisor of 24 and a?
2
Suppose 0 = -3*y + 12, -3*y + 72 = 175*m - 172*m. Calculate the highest common factor of m and 92.
4
Let m(t) = 6*t - 9. Let i be m(2). Suppose 44 = g - 0*g + 4*v, -i*v + 83 = 2*g. Let f = g - 26. Calculate the greatest common factor of 35 and f.
7
Let c be ((50/(-35))/((-24)/21) + -3)*-80. Calculate the greatest common divisor of c and 620.
20
Let y = 8045 - 7307. Calculate the highest common factor of y and 126.
18
Suppose 22*p = -2*p - p + 8100. What is the highest common factor of 20 and p?
4
Suppose 0*x - y + 3077 = 4*x, 2304 = 3*x + 2*y. What is the highest common factor of x and 280?
70
Suppose -1497 + 4131 = 2*t. Suppose d + 92 - t = o, -4*d - 4*o + 4900 = 0. Suppose 2*q + 5*q = d. Calculate the highest common divisor of q and 25.
25
Let f be ((-6)/7 + 0)/((1674/252)/(-31)). Let k = 79 - 43. Suppose 3*w = 2*q - 37 - k, f*q = -3*w + 137. Calculate the greatest common divisor of q and 245.
35
Suppose 5*q + i - 295 = 290, i = 3*q - 343. What is the greatest common factor of q and 6?
2
Let o = 248 + -220. Let k = o - 4. What is the highest common factor of k and 12?
12
Suppose -5*y + 7*y - 6 = 0. Suppose -y*r + 61 = -131. Let j = 16 + -8. Calculate the greatest common divisor of j and r.
8
Let u(h) = -33*h - 68. Let x be u(-3). Let g = 511 - 263. Calculate the highest common factor of x and g.
31
Let s(i) = -26*i - 2. Let p be s(-2). Let j(d) = d**3 + 29 + 14*d**2 + 7*d + 0*d**3 - 32. Let t be j(-13). What is the highest common factor of t and p?
25
Let k(v) = 10*v - 87. Let f be k(-6). Let y = f - -215. Calculate the highest common divisor of 306 and y.
34
Let z be (153/7)/(321/1498). What is the greatest common divisor of z and 816?
102
Let j be (-2*2/6)/(1/(-6)). Suppose 0 = -4*r - 10*r + j*r. Suppose r = 5*f - 108 - 32. What is the greatest common factor of f and 140?
28
Let u(z) = -1707*z + 7249. Let s be u(-18). Calculate the greatest common factor of s and 155.
155
Suppose -2*h - 111 = -741. Let v = 423 - h. What is the greatest common factor of 4 and v?
4
Suppose -254*x = 177*x - 129*x - 149188. Calculate the highest common divisor of 702 and x.
26
Let l = 0 - -3. Suppose 74*p - 103 - 193 = 0. Suppose p = 5*v - l*f - 45, 5*f = 4*v - 34. What is the greatest common factor of 11 and v?
11
Let q = 3544 - 3527. Calculate the highest common factor of q and 340.
17
Let c = 5032 + 1974. What is the greatest common factor of c and 904?
226
Let o = 24 - 12. Let w = -212 + 216. Suppose 6*t + w*t = 300. What is the greatest common divisor of t and o?
6
Let v(w) = -2*w**3 + 17*w**2 - 2*w - 48. Let o be v(8). Suppose 0 = 5*k + 5*z - 40 - o, 0 = -4*k - 2*z + 28. Calculate the greatest common divisor of k and 6.
6
Let v = -6 + 42. Suppose 1210 = 5*y - 3*g, -4*y + 2*g - 500 = -6*y. Let p = y - 149. Calculate the greatest common divisor of v and p.
12
Suppose -3*w = -2*w - 44. Let u = 5934 + -5626. What is the greatest common divisor of w and u?
44
Let z = 744 + -727. Calculate the highest common factor of 1088 and z.
17
Let s be (-25)/(525/63)*(-154)/1. What is the highest common divisor of 1050 and s?
42
Let t = -5367 + 5380. Let l(v) = 74*v - 7. Let h be l(8). Suppose 0 = -2*r - 3*r + h. What is the highest common factor of r and t?
13
Let u = -195 + 83. Let d be 3/2 - (-8)/(u/(-21)). What is the greatest common divisor of 33 and d?
3
Suppose i = 24 + 7. Let t(l) = -18*l**3 + 5*l**2 + 5*l + 1. Let c be t(-2). Calculate the highest common factor of c and i.
31
Let u(b) = -15*b + 28. Let k(g) = 5*g - 9. Let j(r) = 7*k(r) + 2*u(r). Let s be j(14). Let o = 217 - s. Calculate the greatest common divisor of o and 14.
14
Let d be (24/30)/((-6)/15). Let i be (-520)/(-78)*(-15)/d. Calculate the highest common factor of 25 and i.
25
Suppose -87*z - 22*z - 9*z = -2832. Calculate the highest common divisor of 10144 and z.
8
Let y be 1906/7 + (92/(-28) - -3). Suppose -319 + 166 = -3*g. What is the highest common factor of y and g?
17
Let w = -5462 + 5938. Let v = 202 + -134. What is the highest common divisor of v and w?
68
Let b(p) = 6*p**2 - 85*p + 21. Let c = -303 - -321. Let n be b(c). What is the greatest common factor of 58 and n?
29
Let a be (-970)/(-4) - (-3 - (-65)/26). What is the highest common factor of a and 72?
9
Suppose r + 8 = 5*l, -5*l + 8*l - 2 = 2*r. Let z be (92/(-12))/(l/(-78)). What is the greatest common divisor of z and 46?
23
Let n(z) = -10*z - 478. Let w be n(-49). What is the highest common divisor of 5268 and w?
12
Let i(x) = -x**2 - 7*x - 9. Let f be i(-3). Suppose b + 9 = 2*g - 20, -b = -f. Calculate the highest common divisor of g and 512.
16
Suppose 4 = -a - 1, -w - 19 = 5*a. Suppose w*n = 13*n - 2331. What is the highest common factor of 9 and n?
9
Let q(s) = s**3 + 34*s**2 + 27*s + 346. Let x be q(-14). What is the highest common divisor of x and 336?
48
Let f = 472 + -470. Let l(b) = 4*b**3 - 7*b**2 + 2*b - 3. Let k be l(f). What is the highest common factor of 605 and k?
5
Suppose 2*l + 4*l - 21 = 3*l. Calculate the highest common divisor of 133 and l.
7
Let z = 52 + 4. Let w(p) = -p**2 - 2*p - 1. Let t be w(-1). Suppose 0*h - 6*h + 42 = t. Calculate the highest common divisor of h and z.
7
Let t(c) = -161*c**2 - 2*c + 238. Let i be t(0). What is the greatest common factor of i and 1162?
14
Let i = -855 - -1246. Suppose 3*s = -4*a + 130, -2*s = -32*a + 30*a + 72. What is the greatest common divisor of a and i?
17
Let x(h) = -568*h**3 - 8*h - 6. Let q be x(-1). Calculate the highest common divisor of 270 and q.
30
Suppose 20*v - 5776 = 10784. Let x = v + -569. Calculate the highest common divisor of 74 and x.
37
Suppose -14*o + 91 = -o. Suppose 124 = o*j - 44. Let b = 40 - j. Calculate the greatest common factor of b and 24.
8
Let j(c) be the third derivative of -3*c**6/40 - c**5/30 + c**4/8 - 22*c**2. Let r be j(2). Let f = r - -82. Calculate the highest common factor of f and 28.
4
Let y(p) = -p**3 + 13*p**2 + 14*p - 27. Suppose -4*b = -8, -w + 3*b - b = -7. Let t be y(w). What is the highest common factor of t and 9?
9
Suppose -5*c = 2*d - 114351, -592*c + 591*c = 4*d - 22845. Calculate the greatest common divisor of c and 89.
89
Suppose -8*n = -5*n + 1470. Let a = 347 + n. Let z = a + 159. What is the greatest common divisor of 48 and z?
16
Let y be -6 + 4 + 6/2. Let l be ((-6)/9)/(y/(-27)). Let v be 9 - 11/(99/(-243)). Calculate the greatest common factor of l and v.
18
Let h = -254 + 119. Let x = h - -141. Suppose 2*i - 3*b = -2*i + 183, 4*b = 5*i - 230. What is the highest common factor of x and i?
6
Suppose 13*r - 12*r - 63 = -2*l, 3 = 3*r. Suppose 8*u - l = -23*u. Let j be (0 - -1) + (2 - 1). Calculate the greatest common divisor of j and u.
1
Suppose -t = 5*x + t - 47, 0 = -3*x + t + 26. Let v = x + -1. Sup